e remainder when o is divided by n?
2
Let n(w) = 9*w - 113. What is the remainder when (-4)/8*2 - -91 is divided by n(16)?
28
Suppose 0 = -0*k - k - 4. Let x(b) = -b**3 - 2*b**2 + 3*b + 7. What is the remainder when x(k) is divided by 14?
13
Suppose 9 - 1 = 4*m. Calculate the remainder when m is divided by (-285)/60 + 6 + (-3)/(-4).
0
Let z = -4 + 1. Suppose g = 3*j + 18 + 38, -4*g + 233 = -3*j. What is the remainder when g is divided by ((-10)/6)/(z/27)?
14
What is the remainder when 303 is divided by 12 + (-16)/(-8 + 7)?
23
Let x(n) = -3*n**2 + 32*n + 172. What is the remainder when 182 is divided by x(0)?
10
Suppose q - 2 - 1 = 5*c, q + 2*c - 3 = 0. Suppose -93 = -q*s + 3*f, 2*f + 64 + 79 = 5*s. What is the remainder when s is divided by 10?
7
Let x be (-99 + -2 - 0) + (5 - 2). Let n = -36 - x. Let a = -17 + 33. Calculate the remainder when n is divided by a.
14
Suppose -2598 = 160*r - 166*r. Calculate the remainder when r is divided by 87.
85
Let k = -570 - -591. What is the remainder when 1868 is divided by k?
20
Suppose -n + 0*q - q = 2, -3*q - 16 = -2*n. Suppose 5*k - 5*g = 3*k - 1, n*g = -k + 4. What is the remainder when 61 is divided by 18 - (k + 4)/(-2)?
19
Suppose -3*d - 4*z + 98 + 187 = 0, -5*z = -4*d + 411. What is the remainder when d is divided by 28?
15
Suppose 40*i = 843 + 1717. What is the remainder when 319 is divided by i?
63
Suppose -2*y = -4 + 24. Calculate the remainder when 14 is divided by 36/10*y/(-4).
5
Suppose 0 = -6*t + 3*t + 342. Suppose -5*n + 6 = -t. Let k = 29 + -20. Calculate the remainder when n is divided by k.
6
Suppose 0 = s + 4*f - 43, 13*s + 73 = 16*s - 2*f. Calculate the remainder when 179 is divided by s.
17
Let m(c) = 19*c - 5. Suppose -3*o = -12, 14*r - 16*r = -o - 14. Calculate the remainder when m(4) is divided by r.
8
Let l(r) = -2*r + 13. Let d be l(4). Suppose -4*q = -7*q + 6, -n + 2*q + 5 = 0. What is the remainder when n is divided by 5 + 0 + d + -4?
3
Suppose -4*m = -5*l + 279, 5*l - 9*l + 219 = m. What is the remainder when l is divided by 23?
9
Let v = 7 - 4. Suppose -6*h = 2*h. Suppose -2*k + h*k = 4*n, -8 = -5*k - 2*n. Calculate the remainder when v is divided by k.
1
Suppose 14*h + 1040 = 19*h. What is the remainder when h is divided by 70?
68
Let w(k) = -k**3 - 21*k**2 - 59*k + 106. Calculate the remainder when w(-19) is divided by 13.
11
Suppose 0 = -19*u + 21*u. Suppose u = -2*b + 10, 4*p + b - 6*b = 19. What is the remainder when p is divided by 7?
4
Suppose -3*v - b - 22 = 0, 2*b + b + 36 = -4*v. Let o = -3 - v. Suppose o*i - 2*i = 5. Calculate the remainder when 19 is divided by i.
4
Let g be 3 - 3 - 4*1. Let a(b) = -4*b + 5. Calculate the remainder when a(g) is divided by ((-2)/(-6))/(((-15)/(-54))/5).
3
Let s(z) = 13*z + 121. What is the remainder when 245 is divided by s(0)?
3
Let p(u) = 61*u - 42. Let k be p(-17). What is the remainder when 2/(-9) + k/(-117) is divided by 4?
1
Suppose 3*l - 51 = -4*z, -3*l = -2*z - 5*l + 26. Calculate the remainder when 23 is divided by z.
11
Suppose 2*u - 165 = -3*u. Let j = u + -14. Suppose 0*y - y = -j. Calculate the remainder when 55 is divided by y.
17
What is the remainder when 212/53*(-29)/(-4) is divided by 15?
14
Suppose -t + 113 = -2*y + 6*y, 2*t - 3*y = 182. Suppose -5*d = 4*j - 112, -74 = -3*d + 4*j - 26. Calculate the remainder when t is divided by d.
17
Let o(a) = -4*a - 8. Let z be o(-4). Suppose 0 = -2*p - s + 58, -2*s - 12 - 12 = -p. Calculate the remainder when p is divided by (-3)/12 + 50/z.
4
Let g = 169 - 162. Suppose 11 = -5*p - 4, -v - p = -15. Calculate the remainder when v is divided by g.
4
Suppose 0 = -3*p - p - 32. Let h = p + 23. Let y = -310 - -339. Calculate the remainder when y is divided by h.
14
Let i(c) = -2*c - 12*c**3 + 2*c + 23*c**3. Calculate the remainder when 61 is divided by i(1).
6
Suppose 31*i - 26*i = -4*b + 1084, -2*b = 4*i - 542. What is the remainder when 542 is divided by b?
0
Suppose -5*k + 910 = -5*g, -k + 187 + 25 = 5*g. What is the remainder when k is divided by 19?
16
Suppose 2*d + 4*i - 140 = 0, -2*d - 9*i + 11*i = -170. What is the remainder when d is divided by 24?
8
Suppose 0 = 2*t - v - 0 + 2, -3*v - 16 = 5*t. Let n be (1 - t)*13/1. Suppose -5*z + 119 - n = 0. What is the remainder when 29 is divided by z?
13
Let d(u) = u + 81. What is the remainder when 168 is divided by d(-12)?
30
Let f = 33 - -26. Let i be (-67)/2 + (-1)/2. Let o = f + i. What is the remainder when o is divided by 14?
11
Let b(r) be the first derivative of r**2/2 + 10*r - 2. Let x be b(-7). Calculate the remainder when (-171)/(-4) + x/(-4) is divided by 15.
12
Calculate the remainder when 76 is divided by (-5)/(840/88 + -10).
10
Let p(n) = -2*n**2 + 54*n + 16. What is the remainder when 815 is divided by p(26)?
67
Suppose 2*j + c - 30 = 0, 48 = 2*j + j + 3*c. Calculate the remainder when 726 is divided by j.
12
Let w = 133 + 5. Suppose 0 = -k - 3*c + 230, -4*k - 2*c + 875 = c. Let i = k - w. What is the remainder when i is divided by 20?
17
Let g(z) = -z + 11. Suppose -6*o + 12 = -3*o. Suppose -5*p - 4*u + 41 = 0, 32 = 4*p - u + o*u. Calculate the remainder when p is divided by g(9).
1
Let i be -10*(7/7 + (-99)/15). Suppose 4*u + 0*u - i = c, -3*u = 4*c - 23. Calculate the remainder when u is divided by 5.
3
Suppose 0 = -5*d - 2*u + 21, d - 2*u + 6 = u. Let r = 309 + -219. Suppose 5*v - 5*o = r, 2*v + d*o + 2*o = 15. Calculate the remainder when 28 is divided by v.
13
Let v(f) = -3*f**2 + 8*f - 3. Let a be v(3). Let w(z) = -z**2 - 13*z - 32. What is the remainder when 39 is divided by w(a)?
9
Let h(g) = 160*g**3 - 7*g**2 + 16*g - 9. What is the remainder when h(1) is divided by 45?
25
Suppose 3*t = 2*t + 41. Let q be 1/5 + 48/10. Suppose -q*m = 2*c - 81, -3*m + 16 = 4*c - t. Calculate the remainder when 27 is divided by m.
12
Let q(n) be the third derivative of 5*n**4/24 - 5*n**3 - 16*n**2. What is the remainder when 70 is divided by q(10)?
10
Let j = 454 - 107. What is the remainder when j is divided by 117?
113
Let s = 56 + -14. Suppose -5*g + 228 = 3*n, 13 = 4*n + 3*g - 302. What is the remainder when n is divided by s?
39
Suppose 9 + 9 = 3*i. Let o(t) = -t**3 + 8*t**2 - t - 8. Let s be o(7). What is the remainder when (3/(-2))/((-3)/s) is divided by i?
5
Let w(p) = -p**3 - 22*p**2 + 25*p + 60. Let b = -2 + -35. Let m = b + 62. What is the remainder when m is divided by w(-23)?
11
Suppose 77 = 2*w - u, 7*u + 9 = 4*u. Calculate the remainder when 110 is divided by w.
36
Let q(a) = 8*a**2 - 27*a + 56. Suppose 2*g - 30 = -2*o, 3*o - o - 4*g - 12 = 0. Calculate the remainder when q(2) is divided by o.
10
Let w be 6*-8*(-8)/(-16). Calculate the remainder when w/(-9)*105/7 is divided by 9.
4
Suppose 2*p = p + 21. Let x(h) = 2*h**2 - 4*h - 12. Let r be x(-6). Suppose -316 = -10*k + r. Calculate the remainder when k is divided by p.
19
What is the remainder when 1 - 6 - -45*9 is divided by 67?
65
What is the remainder when (-2474)/(-16) - 1 - (-39)/104 is divided by 39?
37
Let t = -7 - -12. Suppose -14 = -3*r - 8. Suppose i - t*o + r = -o, 0 = i + 4*o - 22. Calculate the remainder when 17 is divided by i.
7
Suppose 0 = -18*o + 13*o + 200. Calculate the remainder when 93 is divided by (-4)/(o/(-6)) + (-77)/(-5).
13
Suppose 0 = -3*z - 2*p + 6, 3*z - 4*p + 3 = -9. Suppose z = 3*y - i - 112, -3*y + 85 = i - 37. What is the remainder when y is divided by 10?
9
Let f be (49 + (2 - 0))/1. Suppose -2*l - l = -f. What is the remainder when 32 is divided by l?
15
Let h = 1673 - 1502. What is the remainder when 514 is divided by h?
1
Let r(o) = -o**2 + 18*o + 13. Suppose 5*i - 29 = 4*v + 33, -3*v = -4*i + 49. Calculate the remainder when r(15) is divided by i.
8
Suppose -4*t = -8*t + 276. Suppose -49 = 5*g - 79. Let q(b) = b**2 - 6*b + 24. What is the remainder when t is divided by q(g)?
21
Suppose 0 = -5*v + 3*v - 154. Let l be (-5)/(-7) - 22/v. Let z = 18 - l. Calculate the remainder when 66 is divided by z.
15
Suppose 14*t = 19*t - 100. What is the remainder when 157 is divided by t?
17
Suppose f - 88 = -f - b, 4*f + 4*b - 168 = 0. Let a(q) = q + 10. What is the remainder when f is divided by a(14)?
22
Suppose 0 = -5*s - r + 21, 3*s - 6 = 2*s - 2*r. Suppose 4*o + z - s*z = 37, 50 = 5*o - 3*z. Calculate the remainder when 47